{"id":7208,"date":"2023-10-15T13:09:47","date_gmt":"2023-10-15T11:09:47","guid":{"rendered":"https:\/\/www.stenlunden.com\/?post_type=product&#038;p=7208"},"modified":"2025-05-26T16:46:16","modified_gmt":"2025-05-26T14:46:16","slug":"mango-gradde-te-svart-50g","status":"publish","type":"product","link":"https:\/\/www.stenlunden.com\/?product=mango-gradde-te-svart-50g","title":{"rendered":"Mango &#038; gr\u00e4dde Te (svart) 50g"},"content":{"rendered":"<p>Svart ekologiskt och fairtrade te fr\u00e5n Eguale.<\/p>\n<p>Gr\u00e4dde och solmogna mango ger teet dess s\u00f6t, runda och lyxigt kr\u00e4miga karakt\u00e4r.<\/p>\n","protected":false},"excerpt":{"rendered":"<p>Svart ekologiskt och fairtrade te fr\u00e5n Eguale. Gr\u00e4dde och solmogna mango ger teet dess s\u00f6t, runda och lyxigt kr\u00e4miga karakt\u00e4r.<\/p>\n","protected":false},"featured_media":7184,"comment_status":"open","ping_status":"closed","template":"","meta":{"_uag_custom_page_level_css":"","site-sidebar-layout":"default","site-content-layout":"","ast-site-content-layout":"default","site-content-style":"default","site-sidebar-style":"default","ast-global-header-display":"","ast-banner-title-visibility":"","ast-main-header-display":"","ast-hfb-above-header-display":"","ast-hfb-below-header-display":"","ast-hfb-mobile-header-display":"","site-post-title":"","ast-breadcrumbs-content":"","ast-featured-img":"","footer-sml-layout":"","theme-transparent-header-meta":"default","adv-header-id-meta":"","stick-header-meta":"","header-above-stick-meta":"","header-main-stick-meta":"","header-below-stick-meta":"","astra-migrate-meta-layouts":"set"},"product_cat":[72,65],"product_tag":[],"class_list":{"0":"post-7208","1":"product","2":"type-product","3":"status-publish","4":"has-post-thumbnail","6":"product_cat-dryck","7":"product_cat-skafferi","8":"desktop-align-left","9":"tablet-align-left","10":"mobile-align-left","12":"first","13":"instock","14":"taxable","15":"shipping-taxable","16":"purchasable","17":"product-type-simple"},"yoast_head":"<!-- This site is optimized with the Yoast SEO plugin v21.0 - https:\/\/yoast.com\/wordpress\/plugins\/seo\/ -->\n<title>Mango &amp; gr\u00e4dde Te (svart) 50g - Stenlunden Hantverksbageri<\/title>\n<meta name=\"robots\" content=\"index, follow, max-snippet:-1, max-image-preview:large, max-video-preview:-1\" \/>\n<link rel=\"canonical\" href=\"https:\/\/www.stenlunden.com\/?product=mango-gradde-te-svart-50g\" \/>\n<meta property=\"og:locale\" content=\"sv_SE\" \/>\n<meta property=\"og:type\" content=\"article\" \/>\n<meta property=\"og:title\" content=\"Mango &amp; gr\u00e4dde Te (svart) 50g - Stenlunden Hantverksbageri\" \/>\n<meta property=\"og:description\" content=\"Svart ekologiskt och fairtrade te fr\u00e5n Eguale. Gr\u00e4dde och solmogna mango ger teet dess s\u00f6t, runda och lyxigt kr\u00e4miga karakt\u00e4r.\" \/>\n<meta property=\"og:url\" content=\"https:\/\/www.stenlunden.com\/?product=mango-gradde-te-svart-50g\" \/>\n<meta property=\"og:site_name\" content=\"Stenlunden Hantverksbageri\" \/>\n<meta property=\"article:modified_time\" content=\"2025-05-26T14:46:16+00:00\" \/>\n<meta property=\"og:image\" content=\"https:\/\/www.stenlunden.com\/wp-content\/uploads\/2023\/10\/20231012_143915-scaled.jpg\" \/>\n\t<meta property=\"og:image:width\" content=\"1153\" \/>\n\t<meta property=\"og:image:height\" content=\"2560\" \/>\n\t<meta property=\"og:image:type\" content=\"image\/jpeg\" \/>\n<meta name=\"twitter:card\" content=\"summary_large_image\" \/>\n<meta name=\"twitter:label1\" content=\"Ber\u00e4knad l\u00e4stid\" \/>\n\t<meta name=\"twitter:data1\" content=\"1 minut\" \/>\n<script type=\"application\/ld+json\" class=\"yoast-schema-graph\">{\"@context\":\"https:\/\/schema.org\",\"@graph\":[{\"@type\":\"WebPage\",\"@id\":\"https:\/\/www.stenlunden.com\/?product=mango-gradde-te-svart-50g\",\"url\":\"https:\/\/www.stenlunden.com\/?product=mango-gradde-te-svart-50g\",\"name\":\"Mango & gr\u00e4dde Te (svart) 50g - Stenlunden Hantverksbageri\",\"isPartOf\":{\"@id\":\"https:\/\/www.stenlunden.com\/#website\"},\"datePublished\":\"2023-10-15T11:09:47+00:00\",\"dateModified\":\"2025-05-26T14:46:16+00:00\",\"breadcrumb\":{\"@id\":\"https:\/\/www.stenlunden.com\/?product=mango-gradde-te-svart-50g#breadcrumb\"},\"inLanguage\":\"sv-SE\",\"potentialAction\":[{\"@type\":\"ReadAction\",\"target\":[\"https:\/\/www.stenlunden.com\/?product=mango-gradde-te-svart-50g\"]}]},{\"@type\":\"BreadcrumbList\",\"@id\":\"https:\/\/www.stenlunden.com\/?product=mango-gradde-te-svart-50g#breadcrumb\",\"itemListElement\":[{\"@type\":\"ListItem\",\"position\":1,\"name\":\"Produkter\",\"item\":\"https:\/\/www.stenlunden.com\/?post_type=product\"},{\"@type\":\"ListItem\",\"position\":2,\"name\":\"Mango &#038; gr\u00e4dde Te (svart) 50g\"}]},{\"@type\":\"WebSite\",\"@id\":\"https:\/\/www.stenlunden.com\/#website\",\"url\":\"https:\/\/www.stenlunden.com\/\",\"name\":\"Stenlunden Hantverksbageri\",\"description\":\"Hantverksbageri i Sm\u00e5land\",\"publisher\":{\"@id\":\"https:\/\/www.stenlunden.com\/#organization\"},\"potentialAction\":[{\"@type\":\"SearchAction\",\"target\":{\"@type\":\"EntryPoint\",\"urlTemplate\":\"https:\/\/www.stenlunden.com\/?s={search_term_string}\"},\"query-input\":\"required name=search_term_string\"}],\"inLanguage\":\"sv-SE\"},{\"@type\":\"Organization\",\"@id\":\"https:\/\/www.stenlunden.com\/#organization\",\"name\":\"Stenlunden Hantverksbageri\",\"url\":\"https:\/\/www.stenlunden.com\/\",\"logo\":{\"@type\":\"ImageObject\",\"inLanguage\":\"sv-SE\",\"@id\":\"https:\/\/www.stenlunden.com\/#\/schema\/logo\/image\/\",\"url\":\"https:\/\/www.stenlunden.com\/wp-content\/uploads\/2023\/10\/cropped-Logotyp.png\",\"contentUrl\":\"https:\/\/www.stenlunden.com\/wp-content\/uploads\/2023\/10\/cropped-Logotyp.png\",\"width\":563,\"height\":394,\"caption\":\"Stenlunden Hantverksbageri\"},\"image\":{\"@id\":\"https:\/\/www.stenlunden.com\/#\/schema\/logo\/image\/\"}}]}<\/script>\n<!-- \/ Yoast SEO plugin. -->","yoast_head_json":{"title":"Mango & gr\u00e4dde Te (svart) 50g - Stenlunden Hantverksbageri","robots":{"index":"index","follow":"follow","max-snippet":"max-snippet:-1","max-image-preview":"max-image-preview:large","max-video-preview":"max-video-preview:-1"},"canonical":"https:\/\/www.stenlunden.com\/?product=mango-gradde-te-svart-50g","og_locale":"sv_SE","og_type":"article","og_title":"Mango & gr\u00e4dde Te (svart) 50g - Stenlunden Hantverksbageri","og_description":"Svart ekologiskt och fairtrade te fr\u00e5n Eguale. Gr\u00e4dde och solmogna mango ger teet dess s\u00f6t, runda och lyxigt kr\u00e4miga karakt\u00e4r.","og_url":"https:\/\/www.stenlunden.com\/?product=mango-gradde-te-svart-50g","og_site_name":"Stenlunden Hantverksbageri","article_modified_time":"2025-05-26T14:46:16+00:00","og_image":[{"width":1153,"height":2560,"url":"https:\/\/www.stenlunden.com\/wp-content\/uploads\/2023\/10\/20231012_143915-scaled.jpg","type":"image\/jpeg"}],"twitter_card":"summary_large_image","twitter_misc":{"Ber\u00e4knad l\u00e4stid":"1 minut"},"schema":{"@context":"https:\/\/schema.org","@graph":[{"@type":"WebPage","@id":"https:\/\/www.stenlunden.com\/?product=mango-gradde-te-svart-50g","url":"https:\/\/www.stenlunden.com\/?product=mango-gradde-te-svart-50g","name":"Mango & gr\u00e4dde Te (svart) 50g - Stenlunden Hantverksbageri","isPartOf":{"@id":"https:\/\/www.stenlunden.com\/#website"},"datePublished":"2023-10-15T11:09:47+00:00","dateModified":"2025-05-26T14:46:16+00:00","breadcrumb":{"@id":"https:\/\/www.stenlunden.com\/?product=mango-gradde-te-svart-50g#breadcrumb"},"inLanguage":"sv-SE","potentialAction":[{"@type":"ReadAction","target":["https:\/\/www.stenlunden.com\/?product=mango-gradde-te-svart-50g"]}]},{"@type":"BreadcrumbList","@id":"https:\/\/www.stenlunden.com\/?product=mango-gradde-te-svart-50g#breadcrumb","itemListElement":[{"@type":"ListItem","position":1,"name":"Produkter","item":"https:\/\/www.stenlunden.com\/?post_type=product"},{"@type":"ListItem","position":2,"name":"Mango &#038; gr\u00e4dde Te (svart) 50g"}]},{"@type":"WebSite","@id":"https:\/\/www.stenlunden.com\/#website","url":"https:\/\/www.stenlunden.com\/","name":"Stenlunden Hantverksbageri","description":"Hantverksbageri i Sm\u00e5land","publisher":{"@id":"https:\/\/www.stenlunden.com\/#organization"},"potentialAction":[{"@type":"SearchAction","target":{"@type":"EntryPoint","urlTemplate":"https:\/\/www.stenlunden.com\/?s={search_term_string}"},"query-input":"required name=search_term_string"}],"inLanguage":"sv-SE"},{"@type":"Organization","@id":"https:\/\/www.stenlunden.com\/#organization","name":"Stenlunden Hantverksbageri","url":"https:\/\/www.stenlunden.com\/","logo":{"@type":"ImageObject","inLanguage":"sv-SE","@id":"https:\/\/www.stenlunden.com\/#\/schema\/logo\/image\/","url":"https:\/\/www.stenlunden.com\/wp-content\/uploads\/2023\/10\/cropped-Logotyp.png","contentUrl":"https:\/\/www.stenlunden.com\/wp-content\/uploads\/2023\/10\/cropped-Logotyp.png","width":563,"height":394,"caption":"Stenlunden Hantverksbageri"},"image":{"@id":"https:\/\/www.stenlunden.com\/#\/schema\/logo\/image\/"}}]}},"uagb_featured_image_src":{"full":["https:\/\/www.stenlunden.com\/wp-content\/uploads\/2023\/10\/20231012_143915-scaled.jpg",1153,2560,false],"thumbnail":["https:\/\/www.stenlunden.com\/wp-content\/uploads\/2023\/10\/20231012_143915-150x150.jpg",150,150,true],"medium":["https:\/\/www.stenlunden.com\/wp-content\/uploads\/2023\/10\/20231012_143915-135x300.jpg",135,300,true],"medium_large":["https:\/\/www.stenlunden.com\/wp-content\/uploads\/2023\/10\/20231012_143915-768x1705.jpg",768,1705,true],"large":["https:\/\/www.stenlunden.com\/wp-content\/uploads\/2023\/10\/20231012_143915-461x1024.jpg",461,1024,true],"1536x1536":["https:\/\/www.stenlunden.com\/wp-content\/uploads\/2023\/10\/20231012_143915-692x1536.jpg",692,1536,true],"2048x2048":["https:\/\/www.stenlunden.com\/wp-content\/uploads\/2023\/10\/20231012_143915-922x2048.jpg",922,2048,true],"woocommerce_thumbnail":["https:\/\/www.stenlunden.com\/wp-content\/uploads\/2023\/10\/20231012_143915-300x300.jpg",300,300,true],"woocommerce_single":["https:\/\/www.stenlunden.com\/wp-content\/uploads\/2023\/10\/20231012_143915-600x1332.jpg",600,1332,true],"woocommerce_gallery_thumbnail":["https:\/\/www.stenlunden.com\/wp-content\/uploads\/2023\/10\/20231012_143915-100x100.jpg",100,100,true]},"uagb_author_info":{"display_name":"Caroline Davidsson","author_link":"https:\/\/www.stenlunden.com\/?author=0"},"uagb_comment_info":1,"uagb_excerpt":"Svart ekologiskt och fairtrade te fr\u00e5n Eguale. Gr\u00e4dde och solmogna mango ger teet dess s\u00f6t, runda och lyxigt kr\u00e4miga karakt\u00e4r.","_links":{"self":[{"href":"https:\/\/www.stenlunden.com\/index.php?rest_route=\/wp\/v2\/product\/7208","targetHints":{"allow":["GET"]}}],"collection":[{"href":"https:\/\/www.stenlunden.com\/index.php?rest_route=\/wp\/v2\/product"}],"about":[{"href":"https:\/\/www.stenlunden.com\/index.php?rest_route=\/wp\/v2\/types\/product"}],"replies":[{"embeddable":true,"href":"https:\/\/www.stenlunden.com\/index.php?rest_route=%2Fwp%2Fv2%2Fcomments&post=7208"}],"version-history":[{"count":1,"href":"https:\/\/www.stenlunden.com\/index.php?rest_route=\/wp\/v2\/product\/7208\/revisions"}],"predecessor-version":[{"id":7209,"href":"https:\/\/www.stenlunden.com\/index.php?rest_route=\/wp\/v2\/product\/7208\/revisions\/7209"}],"wp:featuredmedia":[{"embeddable":true,"href":"https:\/\/www.stenlunden.com\/index.php?rest_route=\/wp\/v2\/media\/7184"}],"wp:attachment":[{"href":"https:\/\/www.stenlunden.com\/index.php?rest_route=%2Fwp%2Fv2%2Fmedia&parent=7208"}],"wp:term":[{"taxonomy":"product_cat","embeddable":true,"href":"https:\/\/www.stenlunden.com\/index.php?rest_route=%2Fwp%2Fv2%2Fproduct_cat&post=7208"},{"taxonomy":"product_tag","embeddable":true,"href":"https:\/\/www.stenlunden.com\/index.php?rest_route=%2Fwp%2Fv2%2Fproduct_tag&post=7208"}],"curies":[{"name":"wp","href":"https:\/\/api.w.org\/{rel}","templated":true}]}}

Mango &#038; grädde Te (svart) 50g

<p>Svart ekologiskt och fairtrade te från Eguale.</p>
<p>Grädde och solmogna mango ger teet dess söt, runda och lyxigt krämiga karaktär.</p>

<p>Svart ekologiskt och fairtrade te från Eguale. Grädde och solmogna mango ger teet dess söt, runda och lyxigt krämiga karaktär.</p>

<!-- This site is optimized with the Yoast SEO plugin v21.0 - https://yoast.com/wordpress/plugins/seo/ -->
<title>Mango &amp; grädde Te (svart) 50g - Stenlunden Hantverksbageri</title>
<meta name="robots" content="index, follow, max-snippet:-1, max-image-preview:large, max-video-preview:-1" />
<link rel="canonical" href="https://www.stenlunden.com/?product=mango-gradde-te-svart-50g" />
<meta property="og:locale" content="sv_SE" />
<meta property="og:type" content="article" />
<meta property="og:title" content="Mango &amp; grädde Te (svart) 50g - Stenlunden Hantverksbageri" />
<meta property="og:description" content="Svart ekologiskt och fairtrade te från Eguale. Grädde och solmogna mango ger teet dess söt, runda och lyxigt krämiga karaktär." />
<meta property="og:url" content="https://www.stenlunden.com/?product=mango-gradde-te-svart-50g" />
<meta property="og:site_name" content="Stenlunden Hantverksbageri" />
<meta property="article:modified_time" content="2025-05-26T14:46:16+00:00" />
<meta property="og:image" content="https://www.stenlunden.com/wp-content/uploads/2023/10/20231012_143915-scaled.jpg" />
	<meta property="og:image:width" content="1153" />
	<meta property="og:image:height" content="2560" />
	<meta property="og:image:type" content="image/jpeg" />
<meta name="twitter:card" content="summary_large_image" />
<meta name="twitter:label1" content="Beräknad lästid" />
	<meta name="twitter:data1" content="1 minut" />
<script type="application/ld+json" class="yoast-schema-graph">{"@context":"https://schema.org","@graph":[{"@type":"WebPage","@id":"https://www.stenlunden.com/?product=mango-gradde-te-svart-50g","url":"https://www.stenlunden.com/?product=mango-gradde-te-svart-50g","name":"Mango & grädde Te (svart) 50g - Stenlunden Hantverksbageri","isPartOf":{"@id":"https://www.stenlunden.com/#website"},"datePublished":"2023-10-15T11:09:47+00:00","dateModified":"2025-05-26T14:46:16+00:00","breadcrumb":{"@id":"https://www.stenlunden.com/?product=mango-gradde-te-svart-50g#breadcrumb"},"inLanguage":"sv-SE","potentialAction":[{"@type":"ReadAction","target":["https://www.stenlunden.com/?product=mango-gradde-te-svart-50g"]}]},{"@type":"BreadcrumbList","@id":"https://www.stenlunden.com/?product=mango-gradde-te-svart-50g#breadcrumb","itemListElement":[{"@type":"ListItem","position":1,"name":"Produkter","item":"https://www.stenlunden.com/?post_type=product"},{"@type":"ListItem","position":2,"name":"Mango &#038; grädde Te (svart) 50g"}]},{"@type":"WebSite","@id":"https://www.stenlunden.com/#website","url":"https://www.stenlunden.com/","name":"Stenlunden Hantverksbageri","description":"Hantverksbageri i Småland","publisher":{"@id":"https://www.stenlunden.com/#organization"},"potentialAction":[{"@type":"SearchAction","target":{"@type":"EntryPoint","urlTemplate":"https://www.stenlunden.com/?s={search_term_string}"},"query-input":"required name=search_term_string"}],"inLanguage":"sv-SE"},{"@type":"Organization","@id":"https://www.stenlunden.com/#organization","name":"Stenlunden Hantverksbageri","url":"https://www.stenlunden.com/","logo":{"@type":"ImageObject","inLanguage":"sv-SE","@id":"https://www.stenlunden.com/#/schema/logo/image/","url":"https://www.stenlunden.com/wp-content/uploads/2023/10/cropped-Logotyp.png","contentUrl":"https://www.stenlunden.com/wp-content/uploads/2023/10/cropped-Logotyp.png","width":563,"height":394,"caption":"Stenlunden Hantverksbageri"},"image":{"@id":"https://www.stenlunden.com/#/schema/logo/image/"}}]}</script>
<!-- / Yoast SEO plugin. -->

Mango & grädde Te (svart) 50g - Stenlunden Hantverksbageri

Svart ekologiskt och fairtrade te från Eguale. Grädde och solmogna mango ger teet dess söt, runda och lyxigt krämiga karaktär.

Hantverksbageri i Småland
