{"id":7784,"date":"2023-10-22T10:40:54","date_gmt":"2023-10-22T08:40:54","guid":{"rendered":"https:\/\/www.stenlunden.com\/?post_type=product&#038;p=7784"},"modified":"2023-10-22T10:40:54","modified_gmt":"2023-10-22T08:40:54","slug":"8-stycken-frallor-med-lingon-utan-gluten","status":"publish","type":"product","link":"https:\/\/www.stenlunden.com\/?product=8-stycken-frallor-med-lingon-utan-gluten","title":{"rendered":"8 stycken frallor med lingon &#8221;utan gluten&#8221;"},"content":{"rendered":"<p>Eko stenlundens mj\u00f6lmix, lingon fr\u00e5n egen skog, eko rena havregryn, eko linfr\u00f6n, eko rapsolja, eko fiberhusk, oraffinerat havssalt och eko j\u00e4st<\/p>\n<p>Stenlunden mj\u00f6lmix: eko mandelmj\u00f6l, eko, durramj\u00f6l, eko potatismj\u00f6l, eko majsmj\u00f6l, eko rismj\u00f6l, eko maizena och eko fiberhusk,<\/p>\n","protected":false},"excerpt":{"rendered":"<p>Eko stenlundens mj\u00f6lmix, lingon fr\u00e5n egen skog, eko rena havregryn, eko linfr\u00f6n, eko rapsolja, eko fiberhusk, oraffinerat havssalt och eko j\u00e4st Stenlunden mj\u00f6lmix: eko mandelmj\u00f6l, eko, durramj\u00f6l, eko potatismj\u00f6l, eko majsmj\u00f6l, eko rismj\u00f6l, eko maizena och eko fiberhusk,<\/p>\n","protected":false},"featured_media":7776,"comment_status":"open","ping_status":"closed","template":"","meta":{"_uag_custom_page_level_css":"","site-sidebar-layout":"default","site-content-layout":"","ast-site-content-layout":"default","site-content-style":"default","site-sidebar-style":"default","ast-global-header-display":"","ast-banner-title-visibility":"","ast-main-header-display":"","ast-hfb-above-header-display":"","ast-hfb-below-header-display":"","ast-hfb-mobile-header-display":"","site-post-title":"","ast-breadcrumbs-content":"","ast-featured-img":"","footer-sml-layout":"","theme-transparent-header-meta":"default","adv-header-id-meta":"","stick-header-meta":"","header-above-stick-meta":"","header-main-stick-meta":"","header-below-stick-meta":"","astra-migrate-meta-layouts":"set"},"product_cat":[73],"product_tag":[],"class_list":{"0":"post-7784","1":"product","2":"type-product","3":"status-publish","4":"has-post-thumbnail","6":"product_cat-bakat-utan-gluten","7":"desktop-align-left","8":"tablet-align-left","9":"mobile-align-left","11":"first","12":"instock","13":"taxable","14":"shipping-taxable","15":"purchasable","16":"product-type-simple"},"yoast_head":"<!-- This site is optimized with the Yoast SEO plugin v21.0 - https:\/\/yoast.com\/wordpress\/plugins\/seo\/ -->\n<title>8 stycken frallor med lingon &quot;utan gluten&quot; - Stenlunden Hantverksbageri<\/title>\n<meta name=\"robots\" content=\"index, follow, max-snippet:-1, max-image-preview:large, max-video-preview:-1\" \/>\n<link rel=\"canonical\" href=\"https:\/\/www.stenlunden.com\/?product=8-stycken-frallor-med-lingon-utan-gluten\" \/>\n<meta property=\"og:locale\" content=\"sv_SE\" \/>\n<meta property=\"og:type\" content=\"article\" \/>\n<meta property=\"og:title\" content=\"8 stycken frallor med lingon &quot;utan gluten&quot; - Stenlunden Hantverksbageri\" \/>\n<meta property=\"og:description\" content=\"Eko stenlundens mj\u00f6lmix, lingon fr\u00e5n egen skog, eko rena havregryn, eko linfr\u00f6n, eko rapsolja, eko fiberhusk, oraffinerat havssalt och eko j\u00e4st Stenlunden mj\u00f6lmix: eko mandelmj\u00f6l, eko, durramj\u00f6l, eko potatismj\u00f6l, eko majsmj\u00f6l, eko rismj\u00f6l, eko maizena och eko fiberhusk,\" \/>\n<meta property=\"og:url\" content=\"https:\/\/www.stenlunden.com\/?product=8-stycken-frallor-med-lingon-utan-gluten\" \/>\n<meta property=\"og:site_name\" content=\"Stenlunden Hantverksbageri\" \/>\n<meta property=\"og:image\" content=\"https:\/\/www.stenlunden.com\/wp-content\/uploads\/2023\/10\/20231021_145216-scaled-e1697962103383.jpg\" \/>\n\t<meta property=\"og:image:width\" content=\"1152\" \/>\n\t<meta property=\"og:image:height\" content=\"1134\" \/>\n\t<meta property=\"og:image:type\" content=\"image\/jpeg\" \/>\n<meta name=\"twitter:card\" content=\"summary_large_image\" \/>\n<meta name=\"twitter:label1\" content=\"Ber\u00e4knad l\u00e4stid\" \/>\n\t<meta name=\"twitter:data1\" content=\"1 minut\" \/>\n<script type=\"application\/ld+json\" class=\"yoast-schema-graph\">{\"@context\":\"https:\/\/schema.org\",\"@graph\":[{\"@type\":\"WebPage\",\"@id\":\"https:\/\/www.stenlunden.com\/?product=8-stycken-frallor-med-lingon-utan-gluten\",\"url\":\"https:\/\/www.stenlunden.com\/?product=8-stycken-frallor-med-lingon-utan-gluten\",\"name\":\"8 stycken frallor med lingon \\\"utan gluten\\\" - Stenlunden Hantverksbageri\",\"isPartOf\":{\"@id\":\"https:\/\/www.stenlunden.com\/#website\"},\"datePublished\":\"2023-10-22T08:40:54+00:00\",\"dateModified\":\"2023-10-22T08:40:54+00:00\",\"breadcrumb\":{\"@id\":\"https:\/\/www.stenlunden.com\/?product=8-stycken-frallor-med-lingon-utan-gluten#breadcrumb\"},\"inLanguage\":\"sv-SE\",\"potentialAction\":[{\"@type\":\"ReadAction\",\"target\":[\"https:\/\/www.stenlunden.com\/?product=8-stycken-frallor-med-lingon-utan-gluten\"]}]},{\"@type\":\"BreadcrumbList\",\"@id\":\"https:\/\/www.stenlunden.com\/?product=8-stycken-frallor-med-lingon-utan-gluten#breadcrumb\",\"itemListElement\":[{\"@type\":\"ListItem\",\"position\":1,\"name\":\"Produkter\",\"item\":\"https:\/\/www.stenlunden.com\/?post_type=product\"},{\"@type\":\"ListItem\",\"position\":2,\"name\":\"8 stycken frallor med lingon &#8220;utan gluten&#8221;\"}]},{\"@type\":\"WebSite\",\"@id\":\"https:\/\/www.stenlunden.com\/#website\",\"url\":\"https:\/\/www.stenlunden.com\/\",\"name\":\"Stenlunden Hantverksbageri\",\"description\":\"Hantverksbageri i Sm\u00e5land\",\"publisher\":{\"@id\":\"https:\/\/www.stenlunden.com\/#organization\"},\"potentialAction\":[{\"@type\":\"SearchAction\",\"target\":{\"@type\":\"EntryPoint\",\"urlTemplate\":\"https:\/\/www.stenlunden.com\/?s={search_term_string}\"},\"query-input\":\"required name=search_term_string\"}],\"inLanguage\":\"sv-SE\"},{\"@type\":\"Organization\",\"@id\":\"https:\/\/www.stenlunden.com\/#organization\",\"name\":\"Stenlunden Hantverksbageri\",\"url\":\"https:\/\/www.stenlunden.com\/\",\"logo\":{\"@type\":\"ImageObject\",\"inLanguage\":\"sv-SE\",\"@id\":\"https:\/\/www.stenlunden.com\/#\/schema\/logo\/image\/\",\"url\":\"https:\/\/www.stenlunden.com\/wp-content\/uploads\/2023\/10\/cropped-Logotyp.png\",\"contentUrl\":\"https:\/\/www.stenlunden.com\/wp-content\/uploads\/2023\/10\/cropped-Logotyp.png\",\"width\":563,\"height\":394,\"caption\":\"Stenlunden Hantverksbageri\"},\"image\":{\"@id\":\"https:\/\/www.stenlunden.com\/#\/schema\/logo\/image\/\"}}]}<\/script>\n<!-- \/ Yoast SEO plugin. -->","yoast_head_json":{"title":"8 stycken frallor med lingon \"utan gluten\" - Stenlunden Hantverksbageri","robots":{"index":"index","follow":"follow","max-snippet":"max-snippet:-1","max-image-preview":"max-image-preview:large","max-video-preview":"max-video-preview:-1"},"canonical":"https:\/\/www.stenlunden.com\/?product=8-stycken-frallor-med-lingon-utan-gluten","og_locale":"sv_SE","og_type":"article","og_title":"8 stycken frallor med lingon \"utan gluten\" - Stenlunden Hantverksbageri","og_description":"Eko stenlundens mj\u00f6lmix, lingon fr\u00e5n egen skog, eko rena havregryn, eko linfr\u00f6n, eko rapsolja, eko fiberhusk, oraffinerat havssalt och eko j\u00e4st Stenlunden mj\u00f6lmix: eko mandelmj\u00f6l, eko, durramj\u00f6l, eko potatismj\u00f6l, eko majsmj\u00f6l, eko rismj\u00f6l, eko maizena och eko fiberhusk,","og_url":"https:\/\/www.stenlunden.com\/?product=8-stycken-frallor-med-lingon-utan-gluten","og_site_name":"Stenlunden Hantverksbageri","og_image":[{"width":1152,"height":1134,"url":"https:\/\/www.stenlunden.com\/wp-content\/uploads\/2023\/10\/20231021_145216-scaled-e1697962103383.jpg","type":"image\/jpeg"}],"twitter_card":"summary_large_image","twitter_misc":{"Ber\u00e4knad l\u00e4stid":"1 minut"},"schema":{"@context":"https:\/\/schema.org","@graph":[{"@type":"WebPage","@id":"https:\/\/www.stenlunden.com\/?product=8-stycken-frallor-med-lingon-utan-gluten","url":"https:\/\/www.stenlunden.com\/?product=8-stycken-frallor-med-lingon-utan-gluten","name":"8 stycken frallor med lingon \"utan gluten\" - Stenlunden Hantverksbageri","isPartOf":{"@id":"https:\/\/www.stenlunden.com\/#website"},"datePublished":"2023-10-22T08:40:54+00:00","dateModified":"2023-10-22T08:40:54+00:00","breadcrumb":{"@id":"https:\/\/www.stenlunden.com\/?product=8-stycken-frallor-med-lingon-utan-gluten#breadcrumb"},"inLanguage":"sv-SE","potentialAction":[{"@type":"ReadAction","target":["https:\/\/www.stenlunden.com\/?product=8-stycken-frallor-med-lingon-utan-gluten"]}]},{"@type":"BreadcrumbList","@id":"https:\/\/www.stenlunden.com\/?product=8-stycken-frallor-med-lingon-utan-gluten#breadcrumb","itemListElement":[{"@type":"ListItem","position":1,"name":"Produkter","item":"https:\/\/www.stenlunden.com\/?post_type=product"},{"@type":"ListItem","position":2,"name":"8 stycken frallor med lingon &#8220;utan gluten&#8221;"}]},{"@type":"WebSite","@id":"https:\/\/www.stenlunden.com\/#website","url":"https:\/\/www.stenlunden.com\/","name":"Stenlunden Hantverksbageri","description":"Hantverksbageri i Sm\u00e5land","publisher":{"@id":"https:\/\/www.stenlunden.com\/#organization"},"potentialAction":[{"@type":"SearchAction","target":{"@type":"EntryPoint","urlTemplate":"https:\/\/www.stenlunden.com\/?s={search_term_string}"},"query-input":"required name=search_term_string"}],"inLanguage":"sv-SE"},{"@type":"Organization","@id":"https:\/\/www.stenlunden.com\/#organization","name":"Stenlunden Hantverksbageri","url":"https:\/\/www.stenlunden.com\/","logo":{"@type":"ImageObject","inLanguage":"sv-SE","@id":"https:\/\/www.stenlunden.com\/#\/schema\/logo\/image\/","url":"https:\/\/www.stenlunden.com\/wp-content\/uploads\/2023\/10\/cropped-Logotyp.png","contentUrl":"https:\/\/www.stenlunden.com\/wp-content\/uploads\/2023\/10\/cropped-Logotyp.png","width":563,"height":394,"caption":"Stenlunden Hantverksbageri"},"image":{"@id":"https:\/\/www.stenlunden.com\/#\/schema\/logo\/image\/"}}]}},"uagb_featured_image_src":{"full":["https:\/\/www.stenlunden.com\/wp-content\/uploads\/2023\/10\/20231021_145216-scaled-e1697962103383.jpg",1152,1134,false],"thumbnail":["https:\/\/www.stenlunden.com\/wp-content\/uploads\/2023\/10\/20231021_145216-scaled-e1697962103383-150x150.jpg",150,150,true],"medium":["https:\/\/www.stenlunden.com\/wp-content\/uploads\/2023\/10\/20231021_145216-scaled-e1697962103383-300x295.jpg",300,295,true],"medium_large":["https:\/\/www.stenlunden.com\/wp-content\/uploads\/2023\/10\/20231021_145216-scaled-e1697962103383-768x756.jpg",768,756,true],"large":["https:\/\/www.stenlunden.com\/wp-content\/uploads\/2023\/10\/20231021_145216-scaled-e1697962103383-1024x1008.jpg",1024,1008,true],"1536x1536":["https:\/\/www.stenlunden.com\/wp-content\/uploads\/2023\/10\/20231021_145216-692x1536.jpg",692,1536,true],"2048x2048":["https:\/\/www.stenlunden.com\/wp-content\/uploads\/2023\/10\/20231021_145216-922x2048.jpg",922,2048,true],"woocommerce_thumbnail":["https:\/\/www.stenlunden.com\/wp-content\/uploads\/2023\/10\/20231021_145216-scaled-e1697962103383-300x300.jpg",300,300,true],"woocommerce_single":["https:\/\/www.stenlunden.com\/wp-content\/uploads\/2023\/10\/20231021_145216-scaled-e1697962103383-600x591.jpg",600,591,true],"woocommerce_gallery_thumbnail":["https:\/\/www.stenlunden.com\/wp-content\/uploads\/2023\/10\/20231021_145216-scaled-e1697962103383-100x100.jpg",100,100,true]},"uagb_author_info":{"display_name":"Caroline Davidsson","author_link":"https:\/\/www.stenlunden.com\/?author=0"},"uagb_comment_info":0,"uagb_excerpt":"Eko stenlundens mj\u00f6lmix, lingon fr\u00e5n egen skog, eko rena havregryn, eko linfr\u00f6n, eko rapsolja, eko fiberhusk, oraffinerat havssalt och eko j\u00e4st Stenlunden mj\u00f6lmix: eko mandelmj\u00f6l, eko, durramj\u00f6l, eko potatismj\u00f6l, eko majsmj\u00f6l, eko rismj\u00f6l, eko maizena och eko fiberhusk,","_links":{"self":[{"href":"https:\/\/www.stenlunden.com\/index.php?rest_route=\/wp\/v2\/product\/7784","targetHints":{"allow":["GET"]}}],"collection":[{"href":"https:\/\/www.stenlunden.com\/index.php?rest_route=\/wp\/v2\/product"}],"about":[{"href":"https:\/\/www.stenlunden.com\/index.php?rest_route=\/wp\/v2\/types\/product"}],"replies":[{"embeddable":true,"href":"https:\/\/www.stenlunden.com\/index.php?rest_route=%2Fwp%2Fv2%2Fcomments&post=7784"}],"version-history":[{"count":1,"href":"https:\/\/www.stenlunden.com\/index.php?rest_route=\/wp\/v2\/product\/7784\/revisions"}],"predecessor-version":[{"id":7785,"href":"https:\/\/www.stenlunden.com\/index.php?rest_route=\/wp\/v2\/product\/7784\/revisions\/7785"}],"wp:featuredmedia":[{"embeddable":true,"href":"https:\/\/www.stenlunden.com\/index.php?rest_route=\/wp\/v2\/media\/7776"}],"wp:attachment":[{"href":"https:\/\/www.stenlunden.com\/index.php?rest_route=%2Fwp%2Fv2%2Fmedia&parent=7784"}],"wp:term":[{"taxonomy":"product_cat","embeddable":true,"href":"https:\/\/www.stenlunden.com\/index.php?rest_route=%2Fwp%2Fv2%2Fproduct_cat&post=7784"},{"taxonomy":"product_tag","embeddable":true,"href":"https:\/\/www.stenlunden.com\/index.php?rest_route=%2Fwp%2Fv2%2Fproduct_tag&post=7784"}],"curies":[{"name":"wp","href":"https:\/\/api.w.org\/{rel}","templated":true}]}}